ist the prime factors of 29812.
2, 29, 257
What are the prime factors of 13763?
13763
What are the prime factors of 920?
2, 5, 23
What are the prime factors of 1828?
2, 457
What are the prime factors of 8172?
2, 3, 227
List the prime factors of 2155.
5, 431
What are the prime factors of 12228?
2, 3, 1019
List the prime factors of 17580.
2, 3, 5, 293
What are the prime factors of 1098?
2, 3, 61
What are the prime factors of 1467?
3, 163
List the prime factors of 93425.
5, 37, 101
List the prime factors of 2497.
11, 227
List the prime factors of 4364.
2, 1091
What are the prime factors of 1341?
3, 149
List the prime factors of 19594.
2, 97, 101
List the prime factors of 21.
3, 7
What are the prime factors of 82807?
17, 4871
List the prime factors of 389.
389
List the prime factors of 43433.
13, 257
List the prime factors of 1183.
7, 13
What are the prime factors of 3000?
2, 3, 5
List the prime factors of 552.
2, 3, 23
List the prime factors of 8132.
2, 19, 107
What are the prime factors of 7492?
2, 1873
List the prime factors of 4164.
2, 3, 347
What are the prime factors of 8043?
3, 7, 383
What are the prime factors of 38625?
3, 5, 103
What are the prime factors of 922?
2, 461
List the prime factors of 73.
73
What are the prime factors of 10155?
3, 5, 677
What are the prime factors of 871?
13, 67
List the prime factors of 14687.
19, 773
What are the prime factors of 6486?
2, 3, 23, 47
What are the prime factors of 2748?
2, 3, 229
What are the prime factors of 2337?
3, 19, 41
List the prime factors of 1009.
1009
What are the prime factors of 535?
5, 107
List the prime factors of 113909.
113909
What are the prime factors of 381?
3, 127
What are the prime factors of 26673?
3, 17, 523
List the prime factors of 42562.
2, 13, 1637
List the prime factors of 452.
2, 113
List the prime factors of 9225.
3, 5, 41
List the prime factors of 1661.
11, 151
List the prime factors of 94309.
94309
What are the prime factors of 836?
2, 11, 19
List the prime factors of 130000.
2, 5, 13
List the prime factors of 91355.
5, 11, 151
What are the prime factors of 212817?
3, 11, 6449
List the prime factors of 17846.
2, 8923
What are the prime factors of 1076?
2, 269
List the prime factors of 117008.
2, 71, 103
What are the prime factors of 36325?
5, 1453
List the prime factors of 1916.
2, 479
What are the prime factors of 2107?
7, 43
List the prime factors of 10297.
7, 1471
List the prime factors of 6428.
2, 1607
What are the prime factors of 141?
3, 47
What are the prime factors of 60987?
3, 29, 701
What are the prime factors of 41534?
2, 19, 1093
What are the prime factors of 129552?
2, 3, 2699
List the prime factors of 8858.
2, 43, 103
What are the prime factors of 100824?
2, 3, 4201
List the prime factors of 564.
2, 3, 47
List the prime factors of 2118.
2, 3, 353
List the prime factors of 6056.
2, 757
List the prime factors of 550.
2, 5, 11
List the prime factors of 2452.
2, 613
What are the prime factors of 1359?
3, 151
What are the prime factors of 1323?
3, 7
List the prime factors of 28056.
2, 3, 7, 167
List the prime factors of 3599.
59, 61
List the prime factors of 41498.
2, 20749
List the prime factors of 868.
2, 7, 31
What are the prime factors of 13?
13
List the prime factors of 12406.
2, 6203
What are the prime factors of 42753?
3, 14251
What are the prime factors of 52765?
5, 61, 173
List the prime factors of 1244.
2, 311
What are the prime factors of 10522?
2, 5261
What are the prime factors of 148?
2, 37
What are the prime factors of 1001?
7, 11, 13
List the prime factors of 22792.
2, 7, 11, 37
What are the prime factors of 3184?
2, 199
What are the prime factors of 789?
3, 263
What are the prime factors of 5761?
7, 823
What are the prime factors of 10504?
2, 13, 101
What are the prime factors of 125176?
2, 15647
What are the prime factors of 6248?
2, 11, 71
List the prime factors of 743.
743
List the prime factors of 16132.
2, 37, 109
What are the prime factors of 8173?
11, 743
List the prime factors of 59145.
3, 5, 3943
List the prime factors of 314.
2, 157
List the prime factors of 7918.
2, 37, 107
What are the prime factors of 48415?
5, 23, 421
List the prime factors of 800.
2, 5
What are the prime factors of 76634?
2, 38317
List the prime factors of 9248.
2, 17
What are the prime factors of 49942?
2, 24971
List the prime factors of 8130.
2, 3, 5, 271
List the prime factors of 969.
3, 17, 19
List the prime factors of 11964.
2, 3, 997
List the prime factors of 795.
3, 5, 53
What are the prime factors of 8085?
3, 5, 7, 11
List the prime factors of 3397.
43, 79
List the prime factors of 341.
11, 31
List the prime factors of 4471.
17, 263
List the prime factors of 30918.
2, 3, 5153
List the prime factors of 158708.
2, 11, 3607
What are the prime factors of 51952?
2, 17, 191
List the prime factors of 78394.
2, 19, 2063
What are the prime factors of 15710?
2, 5, 1571
List the prime factors of 837.
3, 31
What are the prime factors of 805?
5, 7, 23
List the prime factors of 11204.
2, 2801
What are the prime factors of 3470?
2, 5, 347
What are the prime factors of 4341?
3, 1447
What are the prime factors of 669?
3, 223
List the prime factors of 6407.
43, 149
What are the prime factors of 1216?
2, 19
List the prime factors of 943.
23, 41
What are the prime factors of 684?
2, 3, 19
What are the prime factors of 1429?
1429
List the prime factors of 1027.
13, 79
What are the prime factors of 1080?
2, 3, 5
List the prime factors of 6231.
3, 31, 67
List the prime factors of 2123.
11, 193
What are the prime factors of 336?
2, 3, 7
What are the prime factors of 19034?
2, 31, 307
What are the prime factors of 6357?
3, 13, 163
What are the prime factors of 37807?
7, 11, 491
List the prime factors of 191.
191
List the prime factors of 13557.
3, 4519
What are the prime factors of 554?
2, 277
List the prime factors of 5806.
2, 2903
List the prime factors of 928.
2, 29
List the prime factors of 172444.
2, 19, 2269
What are the prime factors of 1686?
2, 3, 281
What are the prime factors of 29133?
3, 13, 83
List the prime factors of 179109.
3, 7, 2843
List the prime factors of 922.
2, 461
What are the prime factors of 718?
2, 359
What are the prime factors of 133?
7, 19
What are the prime factors of 79?
79
List the prime factors of 114.
2, 3, 19
List the prime factors of 94280.
2, 5, 2357
List the prime factors of 4530.
2, 3, 5, 151
List the prime factors of 152.
2, 19
List the prime factors of 45894.
2, 3, 7649
What are the prime factors of 20238?
2, 3, 3373
What are the prime factors of 62224?
2, 3889
What are the prime factors of 2205?
3, 5, 7
What are the prime factors of 4672?
2, 73
What are the prime factors of 23709?
3, 7, 1129
List the prime factors of 6389.
6389
What are the prime factors of 940?
2, 5, 47
List the prime factors of 4985.
5, 997
List the prime factors of 11440.
2, 5, 11, 13
List the prime factors of 58119.
3, 19373
List the prime factors of 1583.
1583
What are the prime factors of 103497?
3, 34499
What are the prime factors of 37977?
3, 12659
List the prime factors of 47609.
47609
List the prime factors of 105278.
2, 52639
List the prime factors of 2549.
2549
List the prime factors of 218.
2, 109
What are the prime factors of 16615?
5, 3323
What are the prime factors of 27164?
2, 6791
What are the prime factors of 7636?
2, 23, 83
List the prime factors of 21026.
2, 10513
List the prime factors of 978.
2, 3, 163
What are the prime factors of 40912?
2, 2557
What are the prime factors of 3019?
3019
List the prime factors of 933.
3, 311
List the prime factors of 1579.
1579
What are the prime factors of 11025?
3, 5, 7
What are the prime factors of 26555?
5, 47, 113
List the prime factors of 463.
463
List the prime factors of 7353.
3, 19, 43
List the prime factors of 118.
2, 59
List the prime factors of 5052.
2, 3, 421
What are the prime factors of 1129?
1129
List the prime factors of 362.
2, 181
List the prime factors of 9563.
73, 131
What are the prime factors of 6777?
3, 251
List the prime factors of 11414.
2, 13, 439
What are the prime factors of 28704?
2, 3, 13, 23
What are the prime factors of 7382?
2, 3691
What are the prime factors of 11938?
2, 47, 127
What are the prime factors of 6168?
2, 3, 257
List the prime factors of 2983.
19, 157
What are